{"id":87,"date":"2022-01-31T17:00:50","date_gmt":"2022-01-31T16:00:50","guid":{"rendered":"http:\/\/dev.scahockey.com\/?page_id=87"},"modified":"2022-03-23T12:01:58","modified_gmt":"2022-03-23T11:01:58","slug":"le-sca-dans-lenseignement","status":"publish","type":"page","link":"https:\/\/dev.scahockey.com\/index.php\/le-sca-dans-lenseignement\/","title":{"rendered":"Le SCA dans l&#8217;enseignement"},"content":{"rendered":"<p>[et_pb_section fb_built=&#8221;1&#8243; fullwidth=&#8221;on&#8221; _builder_version=&#8221;4.14.3&#8243; _module_preset=&#8221;default&#8221; global_colors_info=&#8221;{}&#8221;][et_pb_fullwidth_slider use_bg_overlay=&#8221;on&#8221; bg_overlay_color=&#8221;rgba(255,255,255,0.53)&#8221; _builder_version=&#8221;4.13.0&#8243; _module_preset=&#8221;default&#8221; header_text_align=&#8221;center&#8221; content_width=&#8221;100%&#8221; min_height_tablet=&#8221;&#8221; min_height_phone=&#8221;&#8221; min_height_last_edited=&#8221;on|desktop&#8221; custom_padding=&#8221;||||false|false&#8221; locked=&#8221;off&#8221; global_colors_info=&#8221;{}&#8221;][et_pb_slide heading=&#8221;Le SCA dans l&#8217;enseignement&#8221; use_bg_overlay=&#8221;on&#8221; bg_overlay_color=&#8221;rgba(0,0,0,0.45)&#8221; _builder_version=&#8221;4.13.0&#8243; _module_preset=&#8221;default&#8221; header_font=&#8221;Raleway|700|on||||||&#8221; header_font_size=&#8221;60px&#8221; body_font=&#8221;Raleway|800|||||||&#8221; body_text_align=&#8221;center&#8221; body_text_color=&#8221;#FFFFFF&#8221; body_font_size=&#8221;52px&#8221; body_line_height=&#8221;2.2em&#8221; background_enable_color=&#8221;off&#8221; background_image=&#8221;https:\/\/dev.scahockey.com\/wp-content\/uploads\/2022\/01\/267480_239567962735853_2705507_n.jpeg&#8221; background_enable_image=&#8221;on&#8221; background_position=&#8221;top_center&#8221; custom_button=&#8221;on&#8221; button_text_size=&#8221;20px&#8221; button_bg_color=&#8221;#2074B5&#8243; button_border_width=&#8221;0px&#8221; button_border_radius=&#8221;18px&#8221; button_font=&#8221;Raleway||||||||&#8221; button_alignment=&#8221;center&#8221; header_font_size_tablet=&#8221;60px&#8221; header_font_size_phone=&#8221;37px&#8221; header_font_size_last_edited=&#8221;on|phone&#8221; body_font_size_tablet=&#8221;85px&#8221; body_font_size_phone=&#8221;65px&#8221; body_font_size_last_edited=&#8221;on|phone&#8221; locked=&#8221;off&#8221; global_colors_info=&#8221;{}&#8221; sticky_transition=&#8221;on&#8221;]<\/p>\n<div dir=\"auto\" style=\"text-align: center;\"><\/div>\n<div dir=\"auto\"><\/div>\n<p>[\/et_pb_slide][\/et_pb_fullwidth_slider][\/et_pb_section][et_pb_section fb_built=&#8221;1&#8243; module_class=&#8221;dc_inverser_colonnes-section&#8221; _builder_version=&#8221;4.13.0&#8243; _module_preset=&#8221;default&#8221; box_shadow_style=&#8221;preset1&#8243; global_colors_info=&#8221;{}&#8221;][et_pb_row _builder_version=&#8221;4.14.3&#8243; _module_preset=&#8221;default&#8221; custom_margin_tablet=&#8221;&#8221; custom_margin_phone=&#8221;&#8221; custom_margin_last_edited=&#8221;on|phone&#8221; custom_padding=&#8221;0px||||false|false&#8221; global_colors_info=&#8221;{}&#8221;][et_pb_column type=&#8221;4_4&#8243; _builder_version=&#8221;4.13.0&#8243; _module_preset=&#8221;default&#8221; global_colors_info=&#8221;{}&#8221;][et_pb_text _builder_version=&#8221;4.13.0&#8243; _module_preset=&#8221;default&#8221; text_font=&#8221;Raleway|800|||||||&#8221; text_font_size=&#8221;40px&#8221; text_letter_spacing=&#8221;1px&#8221; header_2_font=&#8221;|800|||||||&#8221; header_2_font_size=&#8221;40px&#8221; header_2_line_height=&#8221;1.1em&#8221; text_orientation=&#8221;center&#8221; text_font_size_tablet=&#8221;40px&#8221; text_font_size_phone=&#8221;40px&#8221; text_font_size_last_edited=&#8221;on|phone&#8221; header_2_font_size_tablet=&#8221;40px&#8221; header_2_font_size_phone=&#8221;30px&#8221; header_2_font_size_last_edited=&#8221;on|phone&#8221; global_colors_info=&#8221;{}&#8221;]<\/p>\n<h2>La section hockey du coll\u00e8ge Notre Dame de France<\/h2>\n<p>[\/et_pb_text][\/et_pb_column][\/et_pb_row][et_pb_row column_structure=&#8221;3_5,2_5&#8243; module_class=&#8221;dc_inverser_colonnes-ligne&#8221; _builder_version=&#8221;4.13.0&#8243; _module_preset=&#8221;default&#8221; custom_padding=&#8221;0px|||||&#8221; animation_direction=&#8221;left&#8221; global_colors_info=&#8221;{}&#8221;][et_pb_column type=&#8221;3_5&#8243; _builder_version=&#8221;4.13.0&#8243; _module_preset=&#8221;default&#8221; custom_css_main_element=&#8221;margin:auto;&#8221; global_colors_info=&#8221;{}&#8221;][et_pb_text _builder_version=&#8221;4.14.8&#8243; _module_preset=&#8221;default&#8221; text_font=&#8221;Raleway|500|||||||&#8221; text_text_color=&#8221;#333333&#8243; custom_padding=&#8221;0px||||false|false&#8221; custom_padding_tablet=&#8221;19px||||false|false&#8221; custom_padding_phone=&#8221;19px||||false|false&#8221; custom_padding_last_edited=&#8221;on|phone&#8221; animation_direction=&#8221;left&#8221; hover_enabled=&#8221;0&#8243; text_orientation_tablet=&#8221;&#8221; text_orientation_phone=&#8221;justified&#8221; text_orientation_last_edited=&#8221;on|phone&#8221; global_colors_info=&#8221;{}&#8221; sticky_enabled=&#8221;0&#8243;]<\/p>\n<p>Depuis septembre 2013, l&#8217;\u00e9tablissement Saint-Pierre a ouvert une section sportive sp\u00e9cialement d\u00e9di\u00e9e au hockey.<br \/>Cette initiative est la premi\u00e8re en Picardie et la seconde au nord de Paris.<\/p>\n<p>Cette section sportive est ouverte \u00e0 tous les coll\u00e9giens, de la 6 \u00e8me \u00e0 la 3 \u00e8me, gar\u00e7ons et filles. Elle est destin\u00e9e aux d\u00e9butants et aux joueurs confirm\u00e9s.<\/p>\n<p>Ces derniers b\u00e9n\u00e9ficient de trois heures de hockey par semaine dont une heure de travail en salle audio-vid\u00e9o sur la technique, l\u2019arbitrage et la pr\u00e9paration physique. Les deux autres heures seront consacr\u00e9es aux entra\u00eenements en salle dans le gymnase du coll\u00e8ge durant la p\u00e9riode hivernale et sur gazon au centre Robert-Viarre, \u00e0 l\u2019automne et au printemps. Les \u00e9l\u00e8ves sont encadr\u00e9s par les enseignants d\u2019EPS du coll\u00e8ge et par \u00c9douard Justice, l\u2019entra\u00eeneur dipl\u00f4m\u00e9 d\u2019\u00c9tat du SCA. Nouvelle preuve du partenariat solide entre les deux structures.<\/p>\n<p>[\/et_pb_text][et_pb_button button_url=&#8221;https:\/\/saintpierreabbeville.com\/sections-sportives\/section-sportive-hockey-sur-gazon\/&#8221; url_new_window=&#8221;on&#8221; button_text=&#8221;En savoir plus&#8221; button_alignment=&#8221;center&#8221; _builder_version=&#8221;4.13.0&#8243; _module_preset=&#8221;default&#8221; custom_button=&#8221;on&#8221; button_text_size=&#8221;20px&#8221; button_text_color=&#8221;#F2F2F2&#8243; button_bg_color=&#8221;#2074B5&#8243; button_bg_color_gradient_start=&#8221;#e20c17&#8243; button_bg_color_gradient_end=&#8221;#11135d&#8221; button_bg_color_gradient_direction=&#8221;266deg&#8221; button_bg_color_gradient_start_position=&#8221;100%&#8221; button_border_width=&#8221;1px&#8221; button_border_color=&#8221;RGBA(0,0,0,0)&#8221; button_border_radius=&#8221;18px&#8221; button_font=&#8221;Raleway|600|||||||&#8221; custom_padding=&#8221;9px|||||&#8221; box_shadow_style=&#8221;preset2&#8243; global_colors_info=&#8221;{}&#8221; button_bg_color__hover_enabled=&#8221;on|hover&#8221; button_bg_color__hover=&#8221;#093f69&#8243; button_bg_enable_color__hover=&#8221;on&#8221;][\/et_pb_button][\/et_pb_column][et_pb_column type=&#8221;2_5&#8243; _builder_version=&#8221;4.13.0&#8243; _module_preset=&#8221;default&#8221; custom_css_main_element=&#8221;margin:auto;&#8221; global_colors_info=&#8221;{}&#8221;][dsm_perspective_image src=&#8221;https:\/\/dev.scahockey.com\/wp-content\/uploads\/2022\/01\/260145_239567282735921_5522448_n.jpeg&#8221; title_text=&#8221;260145_239567282735921_5522448_n&#8221; align=&#8221;center&#8221; disabled_on=&#8221;off|off|off&#8221; _builder_version=&#8221;4.13.0&#8243; _module_preset=&#8221;default&#8221; custom_margin=&#8221;||||false|false&#8221; custom_padding=&#8221;||||false|false&#8221; custom_padding_tablet=&#8221;||||false|false&#8221; custom_padding_phone=&#8221;||23px||false|false&#8221; custom_padding_last_edited=&#8221;on|phone&#8221; border_radii=&#8221;on|6px|6px|6px|6px&#8221; box_shadow_style=&#8221;preset1&#8243; global_colors_info=&#8221;{}&#8221;][\/dsm_perspective_image][\/et_pb_column][\/et_pb_row][\/et_pb_section][et_pb_section fb_built=&#8221;1&#8243; _builder_version=&#8221;4.13.0&#8243; _module_preset=&#8221;default&#8221; background_color=&#8221;#f2f2f2&#8243; custom_padding=&#8221;||||true|false&#8221; global_colors_info=&#8221;{}&#8221;][et_pb_row _builder_version=&#8221;4.13.0&#8243; _module_preset=&#8221;default&#8221; global_colors_info=&#8221;{}&#8221;][et_pb_column type=&#8221;4_4&#8243; _builder_version=&#8221;4.13.0&#8243; _module_preset=&#8221;default&#8221; global_colors_info=&#8221;{}&#8221;][et_pb_text _builder_version=&#8221;4.13.0&#8243; _module_preset=&#8221;default&#8221; text_font=&#8221;Raleway|800|||||||&#8221; text_font_size=&#8221;40px&#8221; text_letter_spacing=&#8221;1px&#8221; header_2_font=&#8221;|800|||||||&#8221; header_2_font_size=&#8221;40px&#8221; header_2_line_height=&#8221;1.1em&#8221; text_orientation=&#8221;center&#8221; text_font_size_tablet=&#8221;40px&#8221; text_font_size_phone=&#8221;40px&#8221; text_font_size_last_edited=&#8221;on|phone&#8221; header_2_font_size_tablet=&#8221;40px&#8221; header_2_font_size_phone=&#8221;30px&#8221; header_2_font_size_last_edited=&#8221;on|phone&#8221; global_colors_info=&#8221;{}&#8221;]<\/p>\n<h2>L&#8217;UNSS Hockey \u00e0 Abbeville<\/h2>\n<p>[\/et_pb_text][\/et_pb_column][\/et_pb_row][et_pb_row column_structure=&#8221;2_5,3_5&#8243; make_equal=&#8221;on&#8221; _builder_version=&#8221;4.13.0&#8243; _module_preset=&#8221;default&#8221; custom_padding=&#8221;0px||0px||true|false&#8221; animation_direction=&#8221;left&#8221; global_colors_info=&#8221;{}&#8221;][et_pb_column type=&#8221;2_5&#8243; _builder_version=&#8221;4.13.0&#8243; _module_preset=&#8221;default&#8221; custom_css_main_element=&#8221;margin:auto&#8221; global_colors_info=&#8221;{}&#8221;][dsm_image_carousel gallery_ids=&#8221;92,93,94,95,96,97&#8243; sizes=&#8221;et-pb-portfolio-image&#8221; centered_slides=&#8221;on&#8221; slide_to_show=&#8221;1&#8243; autoplay_speed=&#8221;2000&#8243; space_between=&#8221;14&#8243; arrows=&#8221;off&#8221; dots=&#8221;off&#8221; touch_move=&#8221;on&#8221; show_lightbox=&#8221;on&#8221; show_lightbox_gallery=&#8221;on&#8221; _builder_version=&#8221;4.13.0&#8243; _module_preset=&#8221;default&#8221; custom_margin=&#8221;0px||0px||true|false&#8221; custom_margin_tablet=&#8221;0px||0px||true|false&#8221; custom_margin_phone=&#8221;0px||0px||true|false&#8221; custom_margin_last_edited=&#8221;on|desktop&#8221; custom_padding=&#8221;||||false|false&#8221; box_shadow_style=&#8221;preset1&#8243; box_shadow_vertical_tablet=&#8221;0px&#8221; box_shadow_vertical_phone=&#8221;0px&#8221; box_shadow_vertical_last_edited=&#8221;on|tablet&#8221; box_shadow_blur_tablet=&#8221;0px&#8221; box_shadow_blur_phone=&#8221;0px&#8221; box_shadow_blur_last_edited=&#8221;on|tablet&#8221; global_colors_info=&#8221;{}&#8221;][\/dsm_image_carousel][\/et_pb_column][et_pb_column type=&#8221;3_5&#8243; _builder_version=&#8221;4.13.0&#8243; _module_preset=&#8221;default&#8221; custom_padding=&#8221;||||false|false&#8221; custom_css_main_element=&#8221;margin:auto&#8221; global_colors_info=&#8221;{}&#8221;][et_pb_text content_tablet=&#8221;<\/p>\n<\/p>\n<p style=%22text-align: justify;%22>L\u2019Union Nationale du Sport Scolaire, cr\u00e9\u00e9 en 1932, est la troisi\u00e8me instance sportive en nombre d\u2019adh\u00e9rents (avec plus d\u2019un million de licenci\u00e9s en 2013)<\/p>\n<p style=%22text-align: justify;%22>En partenariat avec le SCA, le coll\u00e8ge Notre-Dame de France participe chaque ann\u00e9e aux championnats de France UNSS de Hockey.<\/p>\n<p style=%22text-align: justify;%22>Le coll\u00e8ge (avec l&#8217;aide du SCA) a d\u00e9j\u00e0 remport\u00e9 6 titres de champion de France depuis 2005 et a m\u00eame organis\u00e9 la comp\u00e9tition \u00e0 Abbeville en 2016.<\/p>\n<p>&#8221; content_phone=&#8221;<\/p>\n<p style=%22text-align: justify;%22>L\u2019Union Nationale du Sport Scolaire, cr\u00e9\u00e9 en 1932, est la troisi\u00e8me instance sportive en nombre d\u2019adh\u00e9rents (avec plus d\u2019un million de licenci\u00e9s en 2013)<\/p>\n<p style=%22text-align: justify;%22>En partenariat avec le SCA, le coll\u00e8ge Notre-Dame de France participe chaque ann\u00e9e aux championnats de France UNSS de Hockey.<\/p>\n<p style=%22text-align: justify;%22>Le coll\u00e8ge (avec l&#8217;aide du SCA) a d\u00e9j\u00e0 remport\u00e9 6 titres de champion de France depuis 2005 et a m\u00eame organis\u00e9 la comp\u00e9tition \u00e0 Abbeville en 2016.<\/p>\n<p>&#8221; content_last_edited=&#8221;on|phone&#8221; _builder_version=&#8221;4.14.8&#8243; _module_preset=&#8221;default&#8221; text_font=&#8221;Raleway|500|||||||&#8221; text_text_color=&#8221;#333333&#8243; custom_margin=&#8221;||||false|false&#8221; custom_margin_tablet=&#8221;||||false|false&#8221; custom_margin_phone=&#8221;15px||||false|false&#8221; custom_margin_last_edited=&#8221;on|phone&#8221; custom_padding=&#8221;||||false|false&#8221; animation_direction=&#8221;left&#8221; hover_enabled=&#8221;0&#8243; text_orientation_tablet=&#8221;&#8221; text_orientation_phone=&#8221;justified&#8221; text_orientation_last_edited=&#8221;on|phone&#8221; global_colors_info=&#8221;{}&#8221; sticky_enabled=&#8221;0&#8243;]<\/p>\n<p>L\u2019Union Nationale du Sport Scolaire, cr\u00e9\u00e9 en 1932, est la troisi\u00e8me instance sportive en nombre d\u2019adh\u00e9rents (avec plus d\u2019un million de licenci\u00e9s en 2013)<\/p>\n<p>En partenariat avec le SCA, l&#8217;\u00e9tablissement Saint-Pierre participe chaque ann\u00e9e aux championnats de France UNSS de Hockey.<\/p>\n<p>Le coll\u00e8ge (avec l&#8217;aide du SCA) a d\u00e9j\u00e0 remport\u00e9 6 titres de champion de France depuis 2005 et a m\u00eame organis\u00e9 la comp\u00e9tition \u00e0 Abbeville en 2016.<\/p>\n<p>[\/et_pb_text][\/et_pb_column][\/et_pb_row][\/et_pb_section][et_pb_section fb_built=&#8221;1&#8243; module_class=&#8221;dc_inverser_colonnes-section&#8221; _builder_version=&#8221;4.13.0&#8243; _module_preset=&#8221;default&#8221; background_enable_color=&#8221;off&#8221; min_height=&#8221;517px&#8221; box_shadow_style=&#8221;preset1&#8243; global_colors_info=&#8221;{}&#8221;][et_pb_row _builder_version=&#8221;4.13.0&#8243; _module_preset=&#8221;default&#8221; custom_padding=&#8221;||0px||false|false&#8221; global_colors_info=&#8221;{}&#8221;][et_pb_column type=&#8221;4_4&#8243; _builder_version=&#8221;4.13.0&#8243; _module_preset=&#8221;default&#8221; global_colors_info=&#8221;{}&#8221;][et_pb_text _builder_version=&#8221;4.13.0&#8243; _module_preset=&#8221;default&#8221; text_font=&#8221;Raleway|800|||||||&#8221; text_font_size=&#8221;40px&#8221; text_letter_spacing=&#8221;1px&#8221; header_2_font=&#8221;|800|||||||&#8221; header_2_font_size=&#8221;40px&#8221; header_2_line_height=&#8221;1.1em&#8221; text_orientation=&#8221;center&#8221; text_font_size_tablet=&#8221;40px&#8221; text_font_size_phone=&#8221;40px&#8221; text_font_size_last_edited=&#8221;on|phone&#8221; header_2_font_size_tablet=&#8221;40px&#8221; header_2_font_size_phone=&#8221;30px&#8221; header_2_font_size_last_edited=&#8221;on|phone&#8221; global_colors_info=&#8221;{}&#8221;]<\/p>\n<h2>La SCA \u00e0 l&#8217;\u00e9cole<\/h2>\n<h2><\/h2>\n<p>[\/et_pb_text][\/et_pb_column][\/et_pb_row][et_pb_row column_structure=&#8221;1_2,1_2&#8243; custom_padding_last_edited=&#8221;on|phone&#8221; module_class=&#8221;dc_inverser_colonnes-ligne&#8221; _builder_version=&#8221;4.13.0&#8243; _module_preset=&#8221;default&#8221; custom_padding_tablet=&#8221;||||false|false&#8221; custom_padding_phone=&#8221;0px||||false|false&#8221; global_colors_info=&#8221;{}&#8221;][et_pb_column type=&#8221;1_2&#8243; _builder_version=&#8221;4.13.0&#8243; _module_preset=&#8221;default&#8221; global_colors_info=&#8221;{}&#8221;][et_pb_text module_class=&#8221;dc_inverser_colonnes-ligne&#8221; _builder_version=&#8221;4.14.8&#8243; _module_preset=&#8221;default&#8221; text_font=&#8221;Raleway|500|||||||&#8221; text_text_color=&#8221;#333333&#8243; custom_padding_tablet=&#8221;18px||||false|false&#8221; custom_padding_phone=&#8221;0px||||false|false&#8221; custom_padding_last_edited=&#8221;on|phone&#8221; animation_direction=&#8221;left&#8221; hover_enabled=&#8221;0&#8243; text_orientation_tablet=&#8221;&#8221; text_orientation_phone=&#8221;justified&#8221; text_orientation_last_edited=&#8221;on|phone&#8221; global_colors_info=&#8221;{}&#8221; sticky_enabled=&#8221;0&#8243;]<\/p>\n<p>Afin de promouvoir notre sport, il est propos\u00e9 aux enseignants de primaire d\u2019organiser des s\u00e9ances d\u2019initiation et de d\u00e9couverte pour les classes de CE1 au CM2.<\/p>\n<p>Un \u00e9ducateur intervient actuellement dans les \u00e9coles suivantes :<\/p>\n<ul>\n<li>\u00c9cole St Gilles \u00e0 Abbeville<\/li>\n<li>\u00c9cole Ste Marie \u00e0 Abbeville<\/li>\n<li>\u00c9cole Notre Dame \u00e0 Rue<\/li>\n<\/ul>\n<p>Les s\u00e9ances de 1:30 (7 par classe) permettent de se familiariser avec le maniement de la crosse et de la balle \u00e0 travers des ateliers ludiques.<\/p>\n<p>Cliquez sur le bouton ci-dessous pour faire une demande d&#8217;informations<\/p>\n<p>[\/et_pb_text][et_pb_button button_url=&#8221;mailto:secretaire.scahockey@yahoo.fr?subject=Renseignements%20pour%20faire%20venir%20un%20intervenant&#8221; url_new_window=&#8221;on&#8221; button_text=&#8221;Nous contacter&#8221; button_alignment=&#8221;center&#8221; _builder_version=&#8221;4.13.0&#8243; _module_preset=&#8221;default&#8221; custom_button=&#8221;on&#8221; button_text_size=&#8221;20px&#8221; button_text_color=&#8221;#F2F2F2&#8243; button_bg_color=&#8221;#2074B5&#8243; button_bg_color_gradient_start=&#8221;#e20c17&#8243; button_bg_color_gradient_end=&#8221;#11135d&#8221; button_bg_color_gradient_direction=&#8221;266deg&#8221; button_bg_color_gradient_start_position=&#8221;100%&#8221; button_border_width=&#8221;1px&#8221; button_border_color=&#8221;RGBA(0,0,0,0)&#8221; button_border_radius=&#8221;18px&#8221; button_font=&#8221;Raleway|600|||||||&#8221; custom_padding=&#8221;9px|||||&#8221; box_shadow_style=&#8221;preset2&#8243; global_colors_info=&#8221;{}&#8221; button_bg_color__hover_enabled=&#8221;on|hover&#8221; button_bg_color__hover=&#8221;#093f69&#8243; button_bg_enable_color__hover=&#8221;on&#8221;][\/et_pb_button][\/et_pb_column][et_pb_column type=&#8221;1_2&#8243; _builder_version=&#8221;4.13.0&#8243; _module_preset=&#8221;default&#8221; global_colors_info=&#8221;{}&#8221;][dsm_perspective_image src=&#8221;https:\/\/dev.scahockey.com\/wp-content\/uploads\/2022\/01\/IMG_2778-scaled-1.jpg&#8221; title_text=&#8221;IMG_2778&#8243; align=&#8221;center&#8221; disabled_on=&#8221;off|off|off&#8221; _builder_version=&#8221;4.13.0&#8243; _module_preset=&#8221;default&#8221; custom_margin=&#8221;||||false|false&#8221; custom_padding=&#8221;||||false|false&#8221; custom_padding_tablet=&#8221;||||false|false&#8221; custom_padding_phone=&#8221;||23px||false|false&#8221; custom_padding_last_edited=&#8221;on|phone&#8221; border_radii=&#8221;on|6px|6px|6px|6px&#8221; box_shadow_style=&#8221;preset1&#8243; global_colors_info=&#8221;{}&#8221;][\/dsm_perspective_image][\/et_pb_column][\/et_pb_row][\/et_pb_section]<\/p>\n","protected":false},"excerpt":{"rendered":"<p>La section hockey du coll\u00e8ge Notre Dame de FranceDepuis septembre 2013, l&#8217;\u00e9tablissement Saint-Pierre a ouvert une section sportive sp\u00e9cialement d\u00e9di\u00e9e au hockey.Cette initiative est la premi\u00e8re en Picardie et la seconde au nord de Paris. Cette section sportive est ouverte \u00e0 tous les coll\u00e9giens, de la 6 \u00e8me \u00e0 la 3 \u00e8me, gar\u00e7ons et filles. [&hellip;]<\/p>\n","protected":false},"author":1,"featured_media":0,"parent":0,"menu_order":0,"comment_status":"closed","ping_status":"closed","template":"","meta":{"_et_pb_use_builder":"on","_et_pb_old_content":"","_et_gb_content_width":"","inline_featured_image":false,"footnotes":""},"class_list":["post-87","page","type-page","status-publish","hentry"],"yoast_head":"<!-- This site is optimized with the Yoast SEO plugin v18.4.1 - https:\/\/yoast.com\/wordpress\/plugins\/seo\/ -->\n<title>Le SCA dans l&#039;enseignement - SCA Hockey Abbeville<\/title>\n<meta name=\"robots\" content=\"noindex, follow, max-snippet:-1, max-image-preview:large, max-video-preview:-1\" \/>\n<meta property=\"og:locale\" content=\"en_US\" \/>\n<meta property=\"og:type\" content=\"article\" \/>\n<meta property=\"og:title\" content=\"Le SCA dans l&#039;enseignement - SCA Hockey Abbeville\" \/>\n<meta property=\"og:description\" content=\"La section hockey du coll\u00e8ge Notre Dame de FranceDepuis septembre 2013, l&#039;\u00e9tablissement Saint-Pierre a ouvert une section sportive sp\u00e9cialement d\u00e9di\u00e9e au hockey.Cette initiative est la premi\u00e8re en Picardie et la seconde au nord de Paris. Cette section sportive est ouverte \u00e0 tous les coll\u00e9giens, de la 6 \u00e8me \u00e0 la 3 \u00e8me, gar\u00e7ons et filles. [&hellip;]\" \/>\n<meta property=\"og:url\" content=\"https:\/\/dev.scahockey.com\/index.php\/le-sca-dans-lenseignement\/\" \/>\n<meta property=\"og:site_name\" content=\"SCA Hockey Abbeville\" \/>\n<meta property=\"article:modified_time\" content=\"2022-03-23T11:01:58+00:00\" \/>\n<meta name=\"twitter:card\" content=\"summary_large_image\" \/>\n<script type=\"application\/ld+json\" class=\"yoast-schema-graph\">{\"@context\":\"https:\/\/schema.org\",\"@graph\":[{\"@type\":\"WebSite\",\"@id\":\"https:\/\/dev.scahockey.com\/#website\",\"url\":\"https:\/\/dev.scahockey.com\/\",\"name\":\"SCA Hockey Abbeville\",\"description\":\"De la tenue, de la dignit\u00e9, de la correction\",\"potentialAction\":[{\"@type\":\"SearchAction\",\"target\":{\"@type\":\"EntryPoint\",\"urlTemplate\":\"https:\/\/dev.scahockey.com\/?s={search_term_string}\"},\"query-input\":\"required name=search_term_string\"}],\"inLanguage\":\"en-US\"},{\"@type\":\"WebPage\",\"@id\":\"https:\/\/dev.scahockey.com\/index.php\/le-sca-dans-lenseignement\/#webpage\",\"url\":\"https:\/\/dev.scahockey.com\/index.php\/le-sca-dans-lenseignement\/\",\"name\":\"Le SCA dans l'enseignement - SCA Hockey Abbeville\",\"isPartOf\":{\"@id\":\"https:\/\/dev.scahockey.com\/#website\"},\"datePublished\":\"2022-01-31T16:00:50+00:00\",\"dateModified\":\"2022-03-23T11:01:58+00:00\",\"breadcrumb\":{\"@id\":\"https:\/\/dev.scahockey.com\/index.php\/le-sca-dans-lenseignement\/#breadcrumb\"},\"inLanguage\":\"en-US\",\"potentialAction\":[{\"@type\":\"ReadAction\",\"target\":[\"https:\/\/dev.scahockey.com\/index.php\/le-sca-dans-lenseignement\/\"]}]},{\"@type\":\"BreadcrumbList\",\"@id\":\"https:\/\/dev.scahockey.com\/index.php\/le-sca-dans-lenseignement\/#breadcrumb\",\"itemListElement\":[{\"@type\":\"ListItem\",\"position\":1,\"name\":\"Accueil\",\"item\":\"https:\/\/dev.scahockey.com\/\"},{\"@type\":\"ListItem\",\"position\":2,\"name\":\"Le SCA dans l&rsquo;enseignement\"}]}]}<\/script>\n<!-- \/ Yoast SEO plugin. -->","yoast_head_json":{"title":"Le SCA dans l'enseignement - SCA Hockey Abbeville","robots":{"index":"noindex","follow":"follow","max-snippet":"max-snippet:-1","max-image-preview":"max-image-preview:large","max-video-preview":"max-video-preview:-1"},"og_locale":"en_US","og_type":"article","og_title":"Le SCA dans l'enseignement - SCA Hockey Abbeville","og_description":"La section hockey du coll\u00e8ge Notre Dame de FranceDepuis septembre 2013, l'\u00e9tablissement Saint-Pierre a ouvert une section sportive sp\u00e9cialement d\u00e9di\u00e9e au hockey.Cette initiative est la premi\u00e8re en Picardie et la seconde au nord de Paris. Cette section sportive est ouverte \u00e0 tous les coll\u00e9giens, de la 6 \u00e8me \u00e0 la 3 \u00e8me, gar\u00e7ons et filles. [&hellip;]","og_url":"https:\/\/dev.scahockey.com\/index.php\/le-sca-dans-lenseignement\/","og_site_name":"SCA Hockey Abbeville","article_modified_time":"2022-03-23T11:01:58+00:00","twitter_card":"summary_large_image","schema":{"@context":"https:\/\/schema.org","@graph":[{"@type":"WebSite","@id":"https:\/\/dev.scahockey.com\/#website","url":"https:\/\/dev.scahockey.com\/","name":"SCA Hockey Abbeville","description":"De la tenue, de la dignit\u00e9, de la correction","potentialAction":[{"@type":"SearchAction","target":{"@type":"EntryPoint","urlTemplate":"https:\/\/dev.scahockey.com\/?s={search_term_string}"},"query-input":"required name=search_term_string"}],"inLanguage":"en-US"},{"@type":"WebPage","@id":"https:\/\/dev.scahockey.com\/index.php\/le-sca-dans-lenseignement\/#webpage","url":"https:\/\/dev.scahockey.com\/index.php\/le-sca-dans-lenseignement\/","name":"Le SCA dans l'enseignement - SCA Hockey Abbeville","isPartOf":{"@id":"https:\/\/dev.scahockey.com\/#website"},"datePublished":"2022-01-31T16:00:50+00:00","dateModified":"2022-03-23T11:01:58+00:00","breadcrumb":{"@id":"https:\/\/dev.scahockey.com\/index.php\/le-sca-dans-lenseignement\/#breadcrumb"},"inLanguage":"en-US","potentialAction":[{"@type":"ReadAction","target":["https:\/\/dev.scahockey.com\/index.php\/le-sca-dans-lenseignement\/"]}]},{"@type":"BreadcrumbList","@id":"https:\/\/dev.scahockey.com\/index.php\/le-sca-dans-lenseignement\/#breadcrumb","itemListElement":[{"@type":"ListItem","position":1,"name":"Accueil","item":"https:\/\/dev.scahockey.com\/"},{"@type":"ListItem","position":2,"name":"Le SCA dans l&rsquo;enseignement"}]}]}},"_links":{"self":[{"href":"https:\/\/dev.scahockey.com\/index.php\/wp-json\/wp\/v2\/pages\/87","targetHints":{"allow":["GET"]}}],"collection":[{"href":"https:\/\/dev.scahockey.com\/index.php\/wp-json\/wp\/v2\/pages"}],"about":[{"href":"https:\/\/dev.scahockey.com\/index.php\/wp-json\/wp\/v2\/types\/page"}],"author":[{"embeddable":true,"href":"https:\/\/dev.scahockey.com\/index.php\/wp-json\/wp\/v2\/users\/1"}],"replies":[{"embeddable":true,"href":"https:\/\/dev.scahockey.com\/index.php\/wp-json\/wp\/v2\/comments?post=87"}],"version-history":[{"count":47,"href":"https:\/\/dev.scahockey.com\/index.php\/wp-json\/wp\/v2\/pages\/87\/revisions"}],"predecessor-version":[{"id":975,"href":"https:\/\/dev.scahockey.com\/index.php\/wp-json\/wp\/v2\/pages\/87\/revisions\/975"}],"wp:attachment":[{"href":"https:\/\/dev.scahockey.com\/index.php\/wp-json\/wp\/v2\/media?parent=87"}],"curies":[{"name":"wp","href":"https:\/\/api.w.org\/{rel}","templated":true}]}}